{"id":106,"date":"2017-11-06T19:56:36","date_gmt":"2017-11-06T18:56:36","guid":{"rendered":"http:\/\/grundschuleimhofgarten.de\/?page_id=106"},"modified":"2025-04-02T20:38:13","modified_gmt":"2025-04-02T18:38:13","slug":"impressionen","status":"publish","type":"page","link":"https:\/\/grundschuleimhofgarten.de\/?page_id=106","title":{"rendered":"Unser Hofgarten"},"content":{"rendered":"<p style=\"text-align: justify;\">W\u00e4hrend es auf der Danziger Stra\u00dfe meist hektisch zugeht, wirkt die Grundschule im Hofgarten wie eine kleine Oase mitten in der Stadt. Man erreicht sie durch die Toreinfahrt des Kulturvereins \u201eDanziger 50\u201c. Am Eingang des Schulgel\u00e4ndes wird man durch eine \u00fcber dem Schultor thronenden Hexe begr\u00fc\u00dft, weswegen das Tor von allen &#8222;Hextentor&#8220; genannt wird. Das Schulgeb\u00e4ude versteckt sich dann auf einem ruhigen Innenhof und ist umgeben von Wohnh\u00e4usern und kleinen G\u00e4rten.<\/p>\n<p>&nbsp;<\/p>\n<p><strong>Impressionen aus unserer\u00a0Schule\u00a0<\/strong><\/p>\n<div data-sliderid=\"61983\" id=\"penci-post-gallery__61983\" class=\"penci-post-gallery-container masonry grid column-3\" data-height=\"150\" data-margin=\"3\"><div class=\"inner-gallery-masonry-container\"><\/div><\/div>\n<p>&nbsp;<\/p>\n<h2>Die Geschichte<\/h2>\n<p><strong>&#8230;unseres Geb\u00e4udes\u00a0\u00a0<\/strong><\/p>\n<p style=\"text-align: justify;\"><a href=\"https:\/\/grundschuleimhofgarten.de\/wp-content\/uploads\/2019\/03\/schule_aula-alt.png\" data-rel=\"penci-gallery-image-content\" ><img loading=\"lazy\" decoding=\"async\" class=\"alignleft\" src=\"https:\/\/grundschuleimhofgarten.de\/wp-content\/uploads\/2019\/03\/schule_aula-alt-300x201.png\" alt=\"\" width=\"300\" height=\"201\" \/><\/a>Unser Schulgeb\u00e4ude wurde als 162. und 197. \u201eGemeindeschule f\u00fcr Knaben\u201c im Jahr 1892 geplant und 1893\/94 unter der Leitung des damaligen Stadtbaurats Hermann Blankenstein erbaut. Dieser war von 1872 bis 1896 Stadtbaurat und hat mit zahlreichen Geb\u00e4uden das Stadtbild Berlins zu der damaligen Zeit mitgepr\u00e4gt. Neben Schulgeb\u00e4uden z\u00e4hlen dazu Markthallen, Krankenh\u00e4user und Feuerwachen.<\/p>\n<p style=\"text-align: justify;\">Die Schule wurde, wie auch andere in dieser Zeit, im sogenannten Blockinnenbau erbaut, da hier die Grundst\u00fcckspreise entsprechend niedriger waren. Das Geb\u00e4ude wurde durchgehend als Schule genutzt, zuletzt bis zum Jahr 2007 als Gesamtschule.<\/p>\n<p>&nbsp;<\/p>\n<p style=\"text-align: justify;\"><strong>&#8230;unserer Schule<\/strong><\/p>\n<p style=\"text-align: justify;\"><a href=\"https:\/\/grundschuleimhofgarten.de\/wp-content\/uploads\/2019\/02\/Die-Schule-von-der-Zugangsseite-vor-der-Sanierung.png\" data-rel=\"penci-gallery-image-content\" ><img loading=\"lazy\" decoding=\"async\" class=\"alignright\" src=\"https:\/\/grundschuleimhofgarten.de\/wp-content\/uploads\/2019\/02\/Die-Schule-von-der-Zugangsseite-vor-der-Sanierung-300x157.png\" alt=\"\" width=\"300\" height=\"157\" \/><\/a>Auf Grund der steigenden Einschulungszahlen in Prenzlauer Berg beschloss der Bezirk die Neunutzung des Geb\u00e4udes als zun\u00e4chst zweiz\u00fcgige Grundschule.<br \/>\nDer unter Denkmalschutz stehende Bau wurde mit Mitteln aus dem Programm Stadtumbau Ost von 2008 bis 2010 saniert. Nach Umgestaltung eines Teils des Schulhofes wurde unsere Grundschule zum Schuljahr 2010\/11 er\u00f6ffnet.<\/p>\n<p>&nbsp;<\/p>\n<p><span style=\"font-size: 10pt;\"><em>Quellen:\u00a0\u00a0Bezirksamt Pankow (A.Stahl), September 2010;\u00a0Dokumentation denkmalgerechter Umbau Grundschule Danziger Str. 50 (Frank Goller Architekten)<\/em><\/span><\/p>\n","protected":false},"excerpt":{"rendered":"<p>W\u00e4hrend es auf der Danziger Stra\u00dfe meist hektisch zugeht, wirkt die Grundschule im Hofgarten wie eine kleine Oase mitten in der Stadt. Man erreicht sie durch die Toreinfahrt des Kulturvereins&hellip;<\/p>\n","protected":false},"author":10,"featured_media":0,"parent":0,"menu_order":0,"comment_status":"closed","ping_status":"closed","template":"","meta":{"_lmt_disableupdate":"no","_lmt_disable":"","footnotes":""},"class_list":["post-106","page","type-page","status-publish","hentry"],"_links":{"self":[{"href":"https:\/\/grundschuleimhofgarten.de\/index.php?rest_route=\/wp\/v2\/pages\/106","targetHints":{"allow":["GET"]}}],"collection":[{"href":"https:\/\/grundschuleimhofgarten.de\/index.php?rest_route=\/wp\/v2\/pages"}],"about":[{"href":"https:\/\/grundschuleimhofgarten.de\/index.php?rest_route=\/wp\/v2\/types\/page"}],"author":[{"embeddable":true,"href":"https:\/\/grundschuleimhofgarten.de\/index.php?rest_route=\/wp\/v2\/users\/10"}],"replies":[{"embeddable":true,"href":"https:\/\/grundschuleimhofgarten.de\/index.php?rest_route=%2Fwp%2Fv2%2Fcomments&post=106"}],"version-history":[{"count":26,"href":"https:\/\/grundschuleimhofgarten.de\/index.php?rest_route=\/wp\/v2\/pages\/106\/revisions"}],"predecessor-version":[{"id":10160,"href":"https:\/\/grundschuleimhofgarten.de\/index.php?rest_route=\/wp\/v2\/pages\/106\/revisions\/10160"}],"wp:attachment":[{"href":"https:\/\/grundschuleimhofgarten.de\/index.php?rest_route=%2Fwp%2Fv2%2Fmedia&parent=106"}],"curies":[{"name":"wp","href":"https:\/\/api.w.org\/{rel}","templated":true}]}}

<p style="text-align: justify;">Während es auf der Danziger Straße meist hektisch zugeht, wirkt die Grundschule im Hofgarten wie eine kleine Oase mitten in der Stadt. Man erreicht sie durch die Toreinfahrt des Kulturvereins „Danziger 50“. Am Eingang des Schulgeländes wird man durch eine über dem Schultor thronenden Hexe begrüßt, weswegen das Tor von allen &#8222;Hextentor&#8220; genannt wird. Das Schulgebäude versteckt sich dann auf einem ruhigen Innenhof und ist umgeben von Wohnhäusern und kleinen Gärten.</p>
<p>&nbsp;</p>
<p><strong>Impressionen aus unserer Schule </strong></p>
<div data-sliderid="61983" id="penci-post-gallery__61983" class="penci-post-gallery-container masonry grid column-3" data-height="150" data-margin="3"><div class="inner-gallery-masonry-container"></div></div>
<p>&nbsp;</p>
<h2>Die Geschichte</h2>
<p><strong>&#8230;unseres Gebäudes  </strong></p>
<p style="text-align: justify;"><a href="https://grundschuleimhofgarten.de/wp-content/uploads/2019/03/schule_aula-alt.png" data-rel="penci-gallery-image-content" ><img loading="lazy" decoding="async" class="alignleft" src="https://grundschuleimhofgarten.de/wp-content/uploads/2019/03/schule_aula-alt-300x201.png" alt="" width="300" height="201" /></a>Unser Schulgebäude wurde als 162. und 197. „Gemeindeschule für Knaben“ im Jahr 1892 geplant und 1893/94 unter der Leitung des damaligen Stadtbaurats Hermann Blankenstein erbaut. Dieser war von 1872 bis 1896 Stadtbaurat und hat mit zahlreichen Gebäuden das Stadtbild Berlins zu der damaligen Zeit mitgeprägt. Neben Schulgebäuden zählen dazu Markthallen, Krankenhäuser und Feuerwachen.</p>
<p style="text-align: justify;">Die Schule wurde, wie auch andere in dieser Zeit, im sogenannten Blockinnenbau erbaut, da hier die Grundstückspreise entsprechend niedriger waren. Das Gebäude wurde durchgehend als Schule genutzt, zuletzt bis zum Jahr 2007 als Gesamtschule.</p>
<p>&nbsp;</p>
<p style="text-align: justify;"><strong>&#8230;unserer Schule</strong></p>
<p style="text-align: justify;"><a href="https://grundschuleimhofgarten.de/wp-content/uploads/2019/02/Die-Schule-von-der-Zugangsseite-vor-der-Sanierung.png" data-rel="penci-gallery-image-content" ><img loading="lazy" decoding="async" class="alignright" src="https://grundschuleimhofgarten.de/wp-content/uploads/2019/02/Die-Schule-von-der-Zugangsseite-vor-der-Sanierung-300x157.png" alt="" width="300" height="157" /></a>Auf Grund der steigenden Einschulungszahlen in Prenzlauer Berg beschloss der Bezirk die Neunutzung des Gebäudes als zunächst zweizügige Grundschule.<br />
Der unter Denkmalschutz stehende Bau wurde mit Mitteln aus dem Programm Stadtumbau Ost von 2008 bis 2010 saniert. Nach Umgestaltung eines Teils des Schulhofes wurde unsere Grundschule zum Schuljahr 2010/11 eröffnet.</p>
<p>&nbsp;</p>
<p><span style="font-size: 10pt;"><em>Quellen:  Bezirksamt Pankow (A.Stahl), September 2010; Dokumentation denkmalgerechter Umbau Grundschule Danziger Str. 50 (Frank Goller Architekten)</em></span></p>

<p>Während es auf der Danziger Straße meist hektisch zugeht, wirkt die Grundschule im Hofgarten wie eine kleine Oase mitten in der Stadt. Man erreicht sie durch die Toreinfahrt des Kulturvereins&hellip;</p>
