{"id":193,"date":"2018-02-21T21:51:47","date_gmt":"2018-02-21T20:51:47","guid":{"rendered":"http:\/\/grundschuleimhofgarten.de\/?page_id=193"},"modified":"2024-05-15T01:10:43","modified_gmt":"2024-05-14T23:10:43","slug":"foerderverein","status":"publish","type":"page","link":"https:\/\/grundschuleimhofgarten.de\/?page_id=193","title":{"rendered":"F\u00f6rderverein"},"content":{"rendered":"<p style=\"text-align: justify;\"><img loading=\"lazy\" decoding=\"async\" class=\"aligncenter\" src=\"https:\/\/grundschuleimhofgarten.de\/wp-content\/uploads\/2019\/02\/foerderverein_header.jpg\" alt=\"F\u00f6rderverein Header\" width=\"800\" height=\"189\" \/><\/p>\n<h2>Sch\u00f6n, dass Sie\/Du zu uns gefunden habt!<\/h2>\n<p class=\"yiv8187920120MsoNormal\">Wir sind eine engagierte Gruppe von Eltern, die die Grundschule im Hofgarten nicht als verpflichtende Schuleinrichtung f\u00fcr unsere Kinder betrachten, sondern auch als ein kleines Refugium inmitten des Stadttrubels der Danziger Stra\u00dfe. <u><\/u><u><\/u><\/p>\n<p class=\"yiv8187920120MsoNormal\">Wir sind der \u00dcberzeugung, dass die Grundschulzeit eine herausragende Bedeutung f\u00fcr die Entwicklung unserer Kinder hat, insbesondere in pers\u00f6nlicher, intellektueller und sozialer Hinsicht. <u><\/u><u><\/u><\/p>\n<p class=\"yiv8187920120MsoNormal\">Wir sind allen Mitarbeiterin:innen der Grundschule im Hofgarten dankbar, dass sie unsere Kinder in dieser wichtigen Lebensphase, unterrichten, betreuen, bekochen, unterst\u00fctzen usw. Darum ist es uns als F\u00f6rderverein ein Herzensanliegen alle Mitarbeiter der Grundschule zu unterst\u00fctzen. \u00a0\u00a0<u><\/u><u><\/u><\/p>\n<p class=\"yiv8187920120MsoNormal\">Unser Ziel ist es, durch verschiedene Projekte und Aktivit\u00e4ten das schulische Umfeld zu bereichern und den Kindern zus\u00e4tzliche Lernm\u00f6glichkeiten zu bieten.<\/p>\n<p>Als F\u00f6rderverein organisieren wir Veranstaltungen wie Schulfeste, Spendenaktionen und kulturelle Events, um finanzielle Mittel f\u00fcr die Anschaffung von Lehrmaterialien, Ausfl\u00fcgen, Schulprojekten und anderen Bed\u00fcrfnissen der Schule zu sammeln. Dar\u00fcber hinaus unterst\u00fctzen wir auch soziale Projekte und Initiativen, um das Gemeinschaftsgef\u00fchl zu st\u00e4rken und den Zusammenhalt zu f\u00f6rdern.<\/p>\n<p>Wir laden Sie\/Euch herzlich ein, sich \u00fcber unsere aktuellen Projekte zu informieren, Mitglied zu werden oder uns mit einer Spende zu unterst\u00fctzen. Gemeinsam k\u00f6nnen wir dazu beitragen, dass unsere Sch\u00fclerinnen und Sch\u00fcler die bestm\u00f6gliche Bildung und Unterst\u00fctzung erhalten.<\/p>\n<p>Vielen Dank f\u00fcr Ihr\/Euer Interesse und Ihre Unterst\u00fctzung!<\/p>\n<p>Ihr F\u00f6rderverein der Grundschule im Hofgarten<\/p>\n<p class=\"yiv8187920120MsoNormal\"><b>Wir freuen uns sowohl \u00fcber pers\u00f6nliches als auch wirtschaftliches Engagement! <\/b><u><\/u><u><\/u><\/p>\n<pre><span style=\"font-family: andale mono, monospace;\">Eine Mitgliedschaft ist bereits ab 15 Euro pro Schuljahr m\u00f6glich und kann steuerlich abgesetzt werden.<\/span>\n\n<span style=\"font-family: andale mono, monospace;\">Bitte dazu einfach unseren Mitgliedsantrag kurzerhand runterladen, ausf\u00fcllen, gut lesbar einscannen oder abfotografieren und <a href=\"mailto:foerderverein@grundschuleimhofgarten.de\">per Email<\/a> an uns senden.<\/span>\n\n<span style=\"font-family: andale mono, monospace;\">Wir k\u00fcmmern uns dann um alles Weitere. \nAn dieser Stelle schon einmal unseren herzlichen Dank, auch im Namen Ihres\/Eures Kindes.<\/span><\/pre>\n<p style=\"text-align: center;\"><a href=\"https:\/\/grundschuleimhofgarten.de\/wp-content\/uploads\/2019\/02\/foerderverein_beitrittsformular.pdf\" target=\"_blank\" rel=\"noopener\"><span style=\"color: #339966;\"><strong>MITGLIED WERDEN<\/strong><\/span><\/a><\/p>\n<p><!--\n\n\n<p style=\"text-align: justify;\"><img loading=\"lazy\" decoding=\"async\" class=\"aligncenter\" src=\"https:\/\/grundschuleimhofgarten.de\/wp-content\/uploads\/2019\/02\/foerderverein_header.jpg\" alt=\"F\u00f6rderverein Header\" width=\"800\" height=\"189\" \/><\/p>\n\n\n\n\n<p style=\"text-align: justify;\">Unsere Kinder verbringen viel Zeit in der Schule und im Hort. Es ist sch\u00f6n, wenn dieser Ort zum Miteinander, zur Weiterentwicklung und zu Spiel und Spa\u00df einl\u00e4dt. Das Anliegen des F\u00f6rdervereins ist\u00a0es\u00a0Schule\u00a0und Hort finanziell zu unterst\u00fctzen, damit die Zeit der Kinder dort m\u00f6glichst wertvoll gestaltet werden kann.\u00a0Zwar ist die\u00a0Schule\u00a0mit einem eigenen Etat ausgestattet, die Verwendung dieser Mittel ist aber auf festgelegte Zwecke beschr\u00e4nkt. Die Schule selbst darf keine Spenden sammeln, um Projekte oder Ideen zu verwirklichen, die im Etat nicht vorgesehen sind oder die ihn \u00fcberschreiten w\u00fcrden. Der F\u00f6rderverein \u00fcbernimmt diese Aufgabe. Er kann offiziell Spenden sammeln, Sponsoren werben und auch Geld bei Veranstaltungen einnehmen.\u00a0Das Geld kommt den Sch\u00fclerinnen und Sch\u00fclern zugute, der F\u00f6rderverein selbst arbeitet ehrenamtlich. Der F\u00f6rderverein unserer Schule ist ein eingetragener Verein und wurde vom Finanzamt als gemeinn\u00fctzig anerkannt. Wenn Sie sich daf\u00fcr entscheiden unsere Arbeit zu unterst\u00fctzen, sind Ihre Geld- und Sachspenden steuerlich absetzbar.<\/p>\n\n\n\n\n<p style=\"text-align: justify;\">Wir treffen uns regelm\u00e4\u00dfig und besprechen anstehende Projekte und Aktionen, entwickeln neue Ideen und beraten \u00fcber aktuelle F\u00f6rderantr\u00e4ge.<\/p>\n\n\n\nAlle Treffen des Vorstandes sind offen f\u00fcr Interessierte.\n\nAlle Termine des F\u00f6rdervereins finden Sie im <a href=\"https:\/\/grundschuleimhofgarten.de\/?calendar=schulkalender\">Schulkalender<\/a>.\n\nGerne erinnern wir Sie per Mail an unsere Aktionen, wenn Sie uns\u00a0<a href=\"mailto:foerderverein@grundschuleimhofgarten.de\" target=\"_blank\" rel=\"noopener\">informieren<\/a><span style=\"display: inline-block; width: 0px; overflow: hidden; line-height: 0;\" data-mce-type=\"bookmark\" class=\"mce_SELRES_start\"><\/span>.\u00a0 Bitte \u00fcbernehmen Sie auch unsere Mailadresse\u00a0 in Ihre Kontakte, um zu vermeiden, dass Nachrichten des F\u00f6rdervereins im Spam-Ordner landen. \/\/--><\/p>\n","protected":false},"excerpt":{"rendered":"<p>Sch\u00f6n, dass Sie\/Du zu uns gefunden habt! Wir sind eine engagierte Gruppe von Eltern, die die Grundschule im Hofgarten nicht als verpflichtende Schuleinrichtung f\u00fcr unsere Kinder betrachten, sondern auch als&hellip;<\/p>\n","protected":false},"author":9,"featured_media":0,"parent":0,"menu_order":0,"comment_status":"closed","ping_status":"closed","template":"","meta":{"_lmt_disableupdate":"","_lmt_disable":"","footnotes":""},"class_list":["post-193","page","type-page","status-publish","hentry"],"_links":{"self":[{"href":"https:\/\/grundschuleimhofgarten.de\/index.php?rest_route=\/wp\/v2\/pages\/193","targetHints":{"allow":["GET"]}}],"collection":[{"href":"https:\/\/grundschuleimhofgarten.de\/index.php?rest_route=\/wp\/v2\/pages"}],"about":[{"href":"https:\/\/grundschuleimhofgarten.de\/index.php?rest_route=\/wp\/v2\/types\/page"}],"author":[{"embeddable":true,"href":"https:\/\/grundschuleimhofgarten.de\/index.php?rest_route=\/wp\/v2\/users\/9"}],"replies":[{"embeddable":true,"href":"https:\/\/grundschuleimhofgarten.de\/index.php?rest_route=%2Fwp%2Fv2%2Fcomments&post=193"}],"version-history":[{"count":39,"href":"https:\/\/grundschuleimhofgarten.de\/index.php?rest_route=\/wp\/v2\/pages\/193\/revisions"}],"predecessor-version":[{"id":9874,"href":"https:\/\/grundschuleimhofgarten.de\/index.php?rest_route=\/wp\/v2\/pages\/193\/revisions\/9874"}],"wp:attachment":[{"href":"https:\/\/grundschuleimhofgarten.de\/index.php?rest_route=%2Fwp%2Fv2%2Fmedia&parent=193"}],"curies":[{"name":"wp","href":"https:\/\/api.w.org\/{rel}","templated":true}]}}

Förderverein

<p style="text-align: justify;"><img loading="lazy" decoding="async" class="aligncenter" src="https://grundschuleimhofgarten.de/wp-content/uploads/2019/02/foerderverein_header.jpg" alt="Förderverein Header" width="800" height="189" /></p>
<h2>Schön, dass Sie/Du zu uns gefunden habt!</h2>
<p class="yiv8187920120MsoNormal">Wir sind eine engagierte Gruppe von Eltern, die die Grundschule im Hofgarten nicht als verpflichtende Schuleinrichtung für unsere Kinder betrachten, sondern auch als ein kleines Refugium inmitten des Stadttrubels der Danziger Straße. <u></u><u></u></p>
<p class="yiv8187920120MsoNormal">Wir sind der Überzeugung, dass die Grundschulzeit eine herausragende Bedeutung für die Entwicklung unserer Kinder hat, insbesondere in persönlicher, intellektueller und sozialer Hinsicht. <u></u><u></u></p>
<p class="yiv8187920120MsoNormal">Wir sind allen Mitarbeiterin:innen der Grundschule im Hofgarten dankbar, dass sie unsere Kinder in dieser wichtigen Lebensphase, unterrichten, betreuen, bekochen, unterstützen usw. Darum ist es uns als Förderverein ein Herzensanliegen alle Mitarbeiter der Grundschule zu unterstützen.   <u></u><u></u></p>
<p class="yiv8187920120MsoNormal">Unser Ziel ist es, durch verschiedene Projekte und Aktivitäten das schulische Umfeld zu bereichern und den Kindern zusätzliche Lernmöglichkeiten zu bieten.</p>
<p>Als Förderverein organisieren wir Veranstaltungen wie Schulfeste, Spendenaktionen und kulturelle Events, um finanzielle Mittel für die Anschaffung von Lehrmaterialien, Ausflügen, Schulprojekten und anderen Bedürfnissen der Schule zu sammeln. Darüber hinaus unterstützen wir auch soziale Projekte und Initiativen, um das Gemeinschaftsgefühl zu stärken und den Zusammenhalt zu fördern.</p>
<p>Wir laden Sie/Euch herzlich ein, sich über unsere aktuellen Projekte zu informieren, Mitglied zu werden oder uns mit einer Spende zu unterstützen. Gemeinsam können wir dazu beitragen, dass unsere Schülerinnen und Schüler die bestmögliche Bildung und Unterstützung erhalten.</p>
<p>Vielen Dank für Ihr/Euer Interesse und Ihre Unterstützung!</p>
<p>Ihr Förderverein der Grundschule im Hofgarten</p>
<p class="yiv8187920120MsoNormal"><b>Wir freuen uns sowohl über persönliches als auch wirtschaftliches Engagement! </b><u></u><u></u></p>
<pre><span style="font-family: andale mono, monospace;">Eine Mitgliedschaft ist bereits ab 15 Euro pro Schuljahr möglich und kann steuerlich abgesetzt werden.</span>

<span style="font-family: andale mono, monospace;">Bitte dazu einfach unseren Mitgliedsantrag kurzerhand runterladen, ausfüllen, gut lesbar einscannen oder abfotografieren und <a href="mailto:foerderverein@grundschuleimhofgarten.de">per Email</a> an uns senden.</span>

<span style="font-family: andale mono, monospace;">Wir kümmern uns dann um alles Weitere. 
An dieser Stelle schon einmal unseren herzlichen Dank, auch im Namen Ihres/Eures Kindes.</span></pre>
<p style="text-align: center;"><a href="https://grundschuleimhofgarten.de/wp-content/uploads/2019/02/foerderverein_beitrittsformular.pdf" target="_blank" rel="noopener"><span style="color: #339966;"><strong>MITGLIED WERDEN</strong></span></a></p>
<p><!--


<p style="text-align: justify;"><img loading="lazy" decoding="async" class="aligncenter" src="https://grundschuleimhofgarten.de/wp-content/uploads/2019/02/foerderverein_header.jpg" alt="Förderverein Header" width="800" height="189" /></p>




<p style="text-align: justify;">Unsere Kinder verbringen viel Zeit in der Schule und im Hort. Es ist schön, wenn dieser Ort zum Miteinander, zur Weiterentwicklung und zu Spiel und Spaß einlädt. Das Anliegen des Fördervereins ist es Schule und Hort finanziell zu unterstützen, damit die Zeit der Kinder dort möglichst wertvoll gestaltet werden kann. Zwar ist die Schule mit einem eigenen Etat ausgestattet, die Verwendung dieser Mittel ist aber auf festgelegte Zwecke beschränkt. Die Schule selbst darf keine Spenden sammeln, um Projekte oder Ideen zu verwirklichen, die im Etat nicht vorgesehen sind oder die ihn überschreiten würden. Der Förderverein übernimmt diese Aufgabe. Er kann offiziell Spenden sammeln, Sponsoren werben und auch Geld bei Veranstaltungen einnehmen. Das Geld kommt den Schülerinnen und Schülern zugute, der Förderverein selbst arbeitet ehrenamtlich. Der Förderverein unserer Schule ist ein eingetragener Verein und wurde vom Finanzamt als gemeinnützig anerkannt. Wenn Sie sich dafür entscheiden unsere Arbeit zu unterstützen, sind Ihre Geld- und Sachspenden steuerlich absetzbar.</p>




<p style="text-align: justify;">Wir treffen uns regelmäßig und besprechen anstehende Projekte und Aktionen, entwickeln neue Ideen und beraten über aktuelle Förderanträge.</p>



Alle Treffen des Vorstandes sind offen für Interessierte.

Alle Termine des Fördervereins finden Sie im <a href="https://grundschuleimhofgarten.de/?calendar=schulkalender">Schulkalender</a>.

Gerne erinnern wir Sie per Mail an unsere Aktionen, wenn Sie uns <a href="mailto:foerderverein@grundschuleimhofgarten.de" target="_blank" rel="noopener">informieren</a><span style="display: inline-block; width: 0px; overflow: hidden; line-height: 0;" data-mce-type="bookmark" class="mce_SELRES_start"></span>.  Bitte übernehmen Sie auch unsere Mailadresse  in Ihre Kontakte, um zu vermeiden, dass Nachrichten des Fördervereins im Spam-Ordner landen. //--></p>

<p>Schön, dass Sie/Du zu uns gefunden habt! Wir sind eine engagierte Gruppe von Eltern, die die Grundschule im Hofgarten nicht als verpflichtende Schuleinrichtung für unsere Kinder betrachten, sondern auch als&hellip;</p>
