{"id":38,"date":"2017-11-06T17:36:13","date_gmt":"2017-11-06T16:36:13","guid":{"rendered":"http:\/\/grundschuleimhofgarten.de\/?page_id=38"},"modified":"2019-03-27T11:45:35","modified_gmt":"2019-03-27T10:45:35","slug":"angebote","status":"publish","type":"page","link":"https:\/\/grundschuleimhofgarten.de\/?page_id=38","title":{"rendered":"Erg\u00e4nzende F\u00f6rderung und Betreuung im offenen Ganztag"},"content":{"rendered":"<p style=\"text-align: justify;\" align=\"justify\">Die Ganztagsbetreuung an der Grundschule im Hofgarten erstreckt sich \u00fcber den Zeitraum von 6:00 Uhr bis 18:00 Uhr. Jenseits der VHG-Zeit (verl\u00e4ssliche Halbtagsgrundschule) von 7:30 Uhr bis 13:30 Uhr kann der Betreuungsumfang der Kinder nach Antrag beim Jugendamt um folgende Module ausgeweitet werden:<\/p>\n<ul style=\"text-align: justify;\">\n<li>\n<p align=\"justify\">Fr\u00fchbetreuung von 6:00 bis 7:30 Uhr<\/p>\n<\/li>\n<li>\n<p align=\"justify\">Nachmittagsbetreuung von 13:30 bis 16:00 Uhr<\/p>\n<\/li>\n<li>\n<p align=\"justify\">Sp\u00e4tbetreuung von 16:00 bis 18:00 Uhr<\/p>\n<\/li>\n<\/ul>\n<p style=\"text-align: justify;\" align=\"justify\">Die Nachmittagsbetreuung ist als &#8222;offene Ganztagsbetreuung&#8220; konzipiert. In der Kernzeit von 14 Uhr bis 16 Uhr finden <a href=\"https:\/\/grundschuleimhofgarten.de\/?page_id=63\">p\u00e4dagogisch begleiteten Angebote und Aktivit\u00e4ten<\/a> statt. Die <a href=\"https:\/\/grundschuleimhofgarten.de\/?page_id=177\">Funktionsr\u00e4ume<\/a> sowie Hof und Garten sind ge\u00f6ffnet und die Kinder k\u00f6nnen frei und altersgemischt je nach Interessen ihre Besch\u00e4ftigung w\u00e4hlen. Dies f\u00f6rdert nicht nur Eigeninitiative und Selbst\u00e4ndigkeit, sondern bringt die Kinder auch in vielf\u00e4ltigen Kontakt mit anderen und erlaubt es ihnen, sich in neuen Konstellationen und T\u00e4tigkeiten auszuprobieren.<\/p>\n","protected":false},"excerpt":{"rendered":"<p>Die Ganztagsbetreuung an der Grundschule im Hofgarten erstreckt sich \u00fcber den Zeitraum von 6:00 Uhr bis 18:00 Uhr. Jenseits der VHG-Zeit (verl\u00e4ssliche Halbtagsgrundschule) von 7:30 Uhr bis 13:30 Uhr kann&hellip;<\/p>\n","protected":false},"author":38,"featured_media":0,"parent":0,"menu_order":0,"comment_status":"closed","ping_status":"closed","template":"","meta":{"_lmt_disableupdate":"","_lmt_disable":"","footnotes":""},"class_list":["post-38","page","type-page","status-publish","hentry"],"_links":{"self":[{"href":"https:\/\/grundschuleimhofgarten.de\/index.php?rest_route=\/wp\/v2\/pages\/38","targetHints":{"allow":["GET"]}}],"collection":[{"href":"https:\/\/grundschuleimhofgarten.de\/index.php?rest_route=\/wp\/v2\/pages"}],"about":[{"href":"https:\/\/grundschuleimhofgarten.de\/index.php?rest_route=\/wp\/v2\/types\/page"}],"author":[{"embeddable":true,"href":"https:\/\/grundschuleimhofgarten.de\/index.php?rest_route=\/wp\/v2\/users\/38"}],"replies":[{"embeddable":true,"href":"https:\/\/grundschuleimhofgarten.de\/index.php?rest_route=%2Fwp%2Fv2%2Fcomments&post=38"}],"version-history":[{"count":9,"href":"https:\/\/grundschuleimhofgarten.de\/index.php?rest_route=\/wp\/v2\/pages\/38\/revisions"}],"predecessor-version":[{"id":2121,"href":"https:\/\/grundschuleimhofgarten.de\/index.php?rest_route=\/wp\/v2\/pages\/38\/revisions\/2121"}],"wp:attachment":[{"href":"https:\/\/grundschuleimhofgarten.de\/index.php?rest_route=%2Fwp%2Fv2%2Fmedia&parent=38"}],"curies":[{"name":"wp","href":"https:\/\/api.w.org\/{rel}","templated":true}]}}