{"id":629,"date":"2019-02-14T14:31:03","date_gmt":"2019-02-14T13:31:03","guid":{"rendered":"http:\/\/grundschuleimhofgarten.de\/?page_id=629"},"modified":"2026-08-17T15:03:43","modified_gmt":"2026-08-17T13:03:43","slug":"mittagessen","status":"publish","type":"page","link":"https:\/\/grundschuleimhofgarten.de\/?page_id=629","title":{"rendered":"Mittagspause"},"content":{"rendered":"<blockquote><p>Geschmack ist angeboren und man kann ihn nicht lehren. Man kann nur anleiten, ihn zu \u00fcben und auszubilden.<\/p><\/blockquote>\n<p style=\"text-align: right;\"><span style=\"font-size: 10pt;\"><em>Karl Ferdinand Gutzkow<\/em><\/span><\/p>\n<p style=\"text-align: justify;\">Unsere zweite Hofpause beginnt um 11.50 Uhr und dauert fast eine ganze Stunde. In dieser Zeit haben die Sch\u00fclerinnen und Sch\u00fcler ausreichend Zeit, gemeinsam mit ihren Freunden zu Mittag zu essen. Dabei gibt es f\u00fcr die Lerngruppen feste Zeiten. Aktuell essen zuerst die Jahrg\u00e4nge 4 und 6 und anschlie\u00dfend die Jahrg\u00e4nge 3 und 5. Die ersten und zweiten Klassen gehen erst nach der Hofpausee essen und werden dabei von ihren Bezugserziehern begleitet.<\/p>\n<p style=\"text-align: justify;\"><a href=\"https:\/\/grundschuleimhofgarten.de\/wp-content\/uploads\/2019\/02\/schule_mittagessen.jpg\" data-rel=\"penci-gallery-image-content\" ><img loading=\"lazy\" decoding=\"async\" class=\"alignleft wp-image-1917\" src=\"https:\/\/grundschuleimhofgarten.de\/wp-content\/uploads\/2019\/02\/schule_mittagessen-1024x683.jpg\" alt=\"\" width=\"400\" height=\"267\" \/><\/a>Unser Catering wird im gegenw\u00e4rtigen Ausschreibungszyklus von der <a href=\"http:\/\/www.schildkroete-berlin.de\/gastronomische-angebote\/\" target=\"_blank\" rel=\"noopener noreferrer\">\u21d2 Schildkr\u00f6te GmbH <\/a>besorgt, frisch geliefert und von zwei Fachkr\u00e4ften ausgegeben. Das Essen ist <a href=\"http:\/\/www.dge.de\/gv\/zertifizierungen\/\" target=\"_blank\" rel=\"noopener noreferrer\">\u21d2 DGE-Zertifiziert<\/a> und hat einen Bioanteil von mindestens 35% des Wareneinsatzes, das Rindfleisch ist vollst\u00e4ndig biozertifiziert. Die aktuelle Speisekarte k\u00f6nnen Sie auf der Website der \u00a0 \u00a0<a href=\"http:\/\/www.schildkroete-berlin.de\/gastronomische-angebote\/\" target=\"_blank\" rel=\"noopener noreferrer\">\u21d2 Schildkr\u00f6te GmbH<\/a> einsehen.<\/p>\n<p style=\"text-align: justify;\">Unsere Essenskommission, bestehend aus zwei p\u00e4dagogischen Fachkr\u00e4ften, zwei Elternvertreterinnen bzw. -vertretern, zwei Sch\u00fclerinnen bzw. Sch\u00fclern sowie der K\u00fcchenkraft und einem Vertreter des Caterers, trifft sich mindestens zweimal j\u00e4hrlich, diskutiert die Qualit\u00e4t und erarbeitet den Speiseplan.<\/p>\n<p>Haben Sie noch Fragen? Dann gibt es vielleicht <a href=\"https:\/\/grundschuleimhofgarten.de\/?page_id=3268\">hier<\/a> die Antworten!<\/p>\n","protected":false},"excerpt":{"rendered":"<p>Geschmack ist angeboren und man kann ihn nicht lehren. Man kann nur anleiten, ihn zu \u00fcben und auszubilden. Karl Ferdinand Gutzkow Unsere zweite Hofpause beginnt um 11.50 Uhr und dauert&hellip;<\/p>\n","protected":false},"author":38,"featured_media":0,"parent":0,"menu_order":0,"comment_status":"closed","ping_status":"closed","template":"","meta":{"_lmt_disableupdate":"no","_lmt_disable":"","footnotes":""},"class_list":["post-629","page","type-page","status-publish","hentry"],"_links":{"self":[{"href":"https:\/\/grundschuleimhofgarten.de\/index.php?rest_route=\/wp\/v2\/pages\/629","targetHints":{"allow":["GET"]}}],"collection":[{"href":"https:\/\/grundschuleimhofgarten.de\/index.php?rest_route=\/wp\/v2\/pages"}],"about":[{"href":"https:\/\/grundschuleimhofgarten.de\/index.php?rest_route=\/wp\/v2\/types\/page"}],"author":[{"embeddable":true,"href":"https:\/\/grundschuleimhofgarten.de\/index.php?rest_route=\/wp\/v2\/users\/38"}],"replies":[{"embeddable":true,"href":"https:\/\/grundschuleimhofgarten.de\/index.php?rest_route=%2Fwp%2Fv2%2Fcomments&post=629"}],"version-history":[{"count":13,"href":"https:\/\/grundschuleimhofgarten.de\/index.php?rest_route=\/wp\/v2\/pages\/629\/revisions"}],"predecessor-version":[{"id":10416,"href":"https:\/\/grundschuleimhofgarten.de\/index.php?rest_route=\/wp\/v2\/pages\/629\/revisions\/10416"}],"wp:attachment":[{"href":"https:\/\/grundschuleimhofgarten.de\/index.php?rest_route=%2Fwp%2Fv2%2Fmedia&parent=629"}],"curies":[{"name":"wp","href":"https:\/\/api.w.org\/{rel}","templated":true}]}}

<blockquote><p>Geschmack ist angeboren und man kann ihn nicht lehren. Man kann nur anleiten, ihn zu üben und auszubilden.</p></blockquote>
<p style="text-align: right;"><span style="font-size: 10pt;"><em>Karl Ferdinand Gutzkow</em></span></p>
<p style="text-align: justify;">Unsere zweite Hofpause beginnt um 11.50 Uhr und dauert fast eine ganze Stunde. In dieser Zeit haben die Schülerinnen und Schüler ausreichend Zeit, gemeinsam mit ihren Freunden zu Mittag zu essen. Dabei gibt es für die Lerngruppen feste Zeiten. Aktuell essen zuerst die Jahrgänge 4 und 6 und anschließend die Jahrgänge 3 und 5. Die ersten und zweiten Klassen gehen erst nach der Hofpausee essen und werden dabei von ihren Bezugserziehern begleitet.</p>
<p style="text-align: justify;"><a href="https://grundschuleimhofgarten.de/wp-content/uploads/2019/02/schule_mittagessen.jpg" data-rel="penci-gallery-image-content" ><img loading="lazy" decoding="async" class="alignleft wp-image-1917" src="https://grundschuleimhofgarten.de/wp-content/uploads/2019/02/schule_mittagessen-1024x683.jpg" alt="" width="400" height="267" /></a>Unser Catering wird im gegenwärtigen Ausschreibungszyklus von der <a href="http://www.schildkroete-berlin.de/gastronomische-angebote/" target="_blank" rel="noopener noreferrer">⇒ Schildkröte GmbH </a>besorgt, frisch geliefert und von zwei Fachkräften ausgegeben. Das Essen ist <a href="http://www.dge.de/gv/zertifizierungen/" target="_blank" rel="noopener noreferrer">⇒ DGE-Zertifiziert</a> und hat einen Bioanteil von mindestens 35% des Wareneinsatzes, das Rindfleisch ist vollständig biozertifiziert. Die aktuelle Speisekarte können Sie auf der Website der    <a href="http://www.schildkroete-berlin.de/gastronomische-angebote/" target="_blank" rel="noopener noreferrer">⇒ Schildkröte GmbH</a> einsehen.</p>
<p style="text-align: justify;">Unsere Essenskommission, bestehend aus zwei pädagogischen Fachkräften, zwei Elternvertreterinnen bzw. -vertretern, zwei Schülerinnen bzw. Schülern sowie der Küchenkraft und einem Vertreter des Caterers, trifft sich mindestens zweimal jährlich, diskutiert die Qualität und erarbeitet den Speiseplan.</p>
<p>Haben Sie noch Fragen? Dann gibt es vielleicht <a href="https://grundschuleimhofgarten.de/?page_id=3268">hier</a> die Antworten!</p>

<p>Geschmack ist angeboren und man kann ihn nicht lehren. Man kann nur anleiten, ihn zu üben und auszubilden. Karl Ferdinand Gutzkow Unsere zweite Hofpause beginnt um 11.50 Uhr und dauert&hellip;</p>
