{"id":63,"date":"2017-11-06T18:13:01","date_gmt":"2017-11-06T17:13:01","guid":{"rendered":"http:\/\/grundschuleimhofgarten.de\/?page_id=63"},"modified":"2025-04-02T22:04:48","modified_gmt":"2025-04-02T20:04:48","slug":"arbeitsgemeinschaften","status":"publish","type":"page","link":"https:\/\/grundschuleimhofgarten.de\/?page_id=63","title":{"rendered":"Unsere Angebote in der eF\u00f6B"},"content":{"rendered":"<h1>Details zu externen Angeboten<\/h1>\n<p style=\"text-align: justify;\"><b>Keramikschule<\/b><\/p>\n<p style=\"text-align: left;\"><img loading=\"lazy\" decoding=\"async\" class=\"wp-image-2228 alignleft\" src=\"https:\/\/grundschuleimhofgarten.de\/wp-content\/uploads\/2019\/03\/Mandarie-Logo.jpg\" alt=\"\" width=\"114\" height=\"114\" srcset=\"https:\/\/grundschuleimhofgarten.de\/wp-content\/uploads\/2019\/03\/Mandarie-Logo.jpg 300w, https:\/\/grundschuleimhofgarten.de\/wp-content\/uploads\/2019\/03\/Mandarie-Logo-150x150.jpg 150w\" sizes=\"auto, (max-width: 114px) 100vw, 114px\" \/><br \/>\nDie Keramik AG wird durch unsere professionellen K\u00fcnstler*innen geleitet und findet w\u00f6chentlich in der Grundschule im Hofgarten statt. Das Naturmaterial Tonerde bildet die experimentielle Basis f\u00fcr diese AG. Wir tasten, f\u00fchlen, zupfen, kneten, quetschen, klopfen, formen und modellieren die Tonerde mit unseren H\u00e4nden. Ton ist bestens geeignet als sinnliche Grunderfahrung, um lustvolles, k\u00fcnstlerisches Experimentieren zu erm\u00f6glichen. Die Kinder formen und bauen nach Themen aus ihrer eigenen Vorstellungs- und Erlebniswelt. Dar\u00fcber hinaus leiten wir zu Themen an, in denen spielerisch erarbeitete Techniken angewendet werden. Alle Einzelarbeiten werden grunds\u00e4tzlich gebrannt, dann farbig mit Glasuren bemalt und erneut gebrannt. Willkommen sind alle Kinder mit Freude am kreativen und k\u00fcnstlerischen Arbeiten.<\/p>\n<p>&nbsp;<\/p>\n<p><strong>Sport Arbeitsgemeinschaften &#8211; SV Empor Berlin<\/strong><\/p>\n<p><img loading=\"lazy\" decoding=\"async\" class=\"alignleft\" src=\"https:\/\/grundschuleimhofgarten.de\/wp-content\/uploads\/2021\/11\/Bild1.png\" alt=\"\" width=\"105\" height=\"106\" \/>Das Schulprojekt des SV Empor Berlin mo\u0308chte im Schuljahr 2022\/23 Kinder fu\u0308r das Sportreiben begeistern und ihnen zusa\u0308tzliche Bewegungsmo\u0308glichkeiten bieten. Derzeit werden \u00fcber 600 Kinder in mehr als 40 Kita- und Schularbeitsgemeinschaften von lizenzierten Trainern betreut. An der Schule Ihres Kindes fu\u0308hrt der SV Empor Berlin eine Arbeitsgemeinschaft durch.<\/p>\n<p>&nbsp;<\/p>\n<p><strong>Musikschule Tomatenklang<\/strong><\/p>\n<p><img loading=\"lazy\" decoding=\"async\" class=\"alignleft\" src=\"https:\/\/grundschuleimhofgarten.de\/wp-content\/uploads\/2021\/11\/tomtatenklang_Musikschule-fu\u0308r-Berlin_final-web-neu.png\" alt=\"\" width=\"425\" height=\"106\" \/>Seit vielen Jahren ist die Musikschule Tomatenklang neben ihrem Unterrichtsbetrieb in der kulturellen Bildung aktiv und initiiert in Kooperation mit Schulen und Kitas AGs und Kurse f\u00fcr Kinder und Jugendliche. In der Grundschule im Hofgarten m\u00f6chten wir mit unserem Angebot die Sch\u00fcler:innen motivieren, sich spielerisch an der Schnittstelle zwischen Musik, Theater und anderen Medien kreativ auszutoben und neue Erfahrungen in der Gruppe zu sammeln. Unsere Musical AG mit Anne-Katrin und das H\u00f6rspielprojekt \u201eHofgefl\u00fcster\u201c haben uns viel Spa\u00df gemacht und wir freuen uns auf weitere spannende Kurse!<\/p>\n<p>&nbsp;<\/p>\n<p style=\"text-align: left;\"><b>Orchesterschule<\/b><br \/>\nDie<a href=\"http:\/\/orchesterschule.com\/berlin\/\" target=\"_blank\" rel=\"noopener noreferrer\">\u00a0Orchesterschule Berlin\/Potsdam<\/a> \u00a0bietet in der Grundschule im Hofgarten\u00a0Instrumentalunterricht und Ensemblespiel an. Sie bereichert die Schulgemeinschaft durch musikalische Auftritte bei Schulfesten, regelm\u00e4\u00dfig stattfindende Hofpausenkonzerte sowie Auftritte der Sch\u00fcler in ihren Klassen und bei Klassenfesten. Die durch die Orchesterschule betreuten Schulorchester der Grundschule am Kollwitzplatz erm\u00f6glichen den Sch\u00fclern der Grundschule im Hofgarten die Teilnahme und existieren als Kooperationsprojekt beider Schulen. Die Orchesterschule stellt die von ihr angebotenen Instrumente in den ersten Klassen vor und bietet kostenfreie Probestunden an. Alle Kolleginnen und Kollegen der Orchesterschule sind diplomierte Instrumentalp\u00e4dagogen.<\/p>\n<p>&nbsp;<\/p>\n<p style=\"text-align: left;\"><b>Zirkus<\/b><br \/>\nWenn ihr Lust auf Trapez, Akrobatik, Kugellaufen, Spiele und weiteren Zirkusspa\u00df habt, dann macht mit! Neben unserem Bewegungsangebot bieten wir einen Einblick in die gro\u00dfe Welt des Zirkus durch eine Sommerjahres- Abschlussshow, die ihr bewundert k\u00f6nnt. Die Vielfalt der angebotenen artistischen Disziplinen sorgt daf\u00fcr, dass jede*r sich ihren*seinen Neigungen und Interessen entsprechend bet\u00e4tigen kann. Wir freuen uns die Kinder einladen zu d\u00fcrfen, um mit uns zu trainieren, zu lachen und auf jede Menge Heiterkeit!<\/p>\n<p>&nbsp;<\/p>\n<p style=\"text-align: left;\"><strong>WebLab \u2013 Digitale Sch\u00fclerzeitung\u00a0<\/strong><\/p>\n<p style=\"text-align: left;\">Die Kinder lernen im WebLab den Alltag einer Redaktion kennen. Sie verfassen berichte, f\u00fchren Interviews, fotografieren und denken sich Wettbewerbe aus. Mit wiederkehrenden Formaten entsteht eine <a href=\"https:\/\/grundschuleimhofgarten.de\/?p=3227\">digitale Sch\u00fclerzeitung<\/a>, die langfristig einen festen Bestandteil auf der unserer Schulhomepage einnehmen soll.<\/p>\n<p>&nbsp;<\/p>\n<p style=\"text-align: left;\"><b>Tim Findig<\/b><br \/>\n&#8222;Tim Findig&#8220; ist eine 2004 gegr\u00fcndete, unabh\u00e4ngige private Bildungsinitiative von Natur\u00adwissenschaftlern (\u201eechten Forschern\u201c) f\u00fcr Kinder im Alter von 4\u201310 Jahren, die es sich zum Ziel gesetzt hat, den Mangel an fr\u00fchkindlicher naturwissenschaftlicher Bildung an Berliner Kitas und fortf\u00fchrend auch an den Grundschulen auszugleichen. Im Mittelpunkt steht nicht die Wissensvermittlung, sondern die F\u00f6rderung der Neugier. Die Kinder werden ermutigt, Fragen zu stellen und ihre Umwelt zu hinterfragen.<\/p>\n<p style=\"text-align: center;\"><em>\u201eMan kann nichts Neues herausfinden, wenn man nicht vorher eine Frage stellt.\u201c\u00a0 (Richard P. Feynman)<\/em><\/p>\n<p style=\"text-align: left;\">In drei aufeinander aufbauenden Kursstufen f\u00fchren die Kinder w\u00e4hrend eines Kursjahres \u00fcber 200 Experimente aus den Bereichen Physik, Biologie, Astronomie, Erdkunde und Chemie selbst durch. Die Handpuppe \u201aTim Findig\u2019 erz\u00e4hlt spannende Geschichten von Abenteurern &amp; Erfindern und hilft den Kindern, den R\u00e4tseln aus Natur &amp; Technik auf den Grund zu gehen.<\/p>\n","protected":false},"excerpt":{"rendered":"<p>Details zu externen Angeboten Keramikschule Die Keramik AG wird durch unsere professionellen K\u00fcnstler*innen geleitet und findet w\u00f6chentlich in der Grundschule im Hofgarten statt. Das Naturmaterial Tonerde bildet die experimentielle Basis&hellip;<\/p>\n","protected":false},"author":38,"featured_media":0,"parent":0,"menu_order":0,"comment_status":"closed","ping_status":"closed","template":"","meta":{"_lmt_disableupdate":"no","_lmt_disable":"","footnotes":""},"class_list":["post-63","page","type-page","status-publish","hentry"],"_links":{"self":[{"href":"https:\/\/grundschuleimhofgarten.de\/index.php?rest_route=\/wp\/v2\/pages\/63","targetHints":{"allow":["GET"]}}],"collection":[{"href":"https:\/\/grundschuleimhofgarten.de\/index.php?rest_route=\/wp\/v2\/pages"}],"about":[{"href":"https:\/\/grundschuleimhofgarten.de\/index.php?rest_route=\/wp\/v2\/types\/page"}],"author":[{"embeddable":true,"href":"https:\/\/grundschuleimhofgarten.de\/index.php?rest_route=\/wp\/v2\/users\/38"}],"replies":[{"embeddable":true,"href":"https:\/\/grundschuleimhofgarten.de\/index.php?rest_route=%2Fwp%2Fv2%2Fcomments&post=63"}],"version-history":[{"count":56,"href":"https:\/\/grundschuleimhofgarten.de\/index.php?rest_route=\/wp\/v2\/pages\/63\/revisions"}],"predecessor-version":[{"id":10197,"href":"https:\/\/grundschuleimhofgarten.de\/index.php?rest_route=\/wp\/v2\/pages\/63\/revisions\/10197"}],"wp:attachment":[{"href":"https:\/\/grundschuleimhofgarten.de\/index.php?rest_route=%2Fwp%2Fv2%2Fmedia&parent=63"}],"curies":[{"name":"wp","href":"https:\/\/api.w.org\/{rel}","templated":true}]}}