{"id":632,"date":"2019-02-14T14:32:07","date_gmt":"2019-02-14T13:32:07","guid":{"rendered":"http:\/\/grundschuleimhofgarten.de\/?page_id=632"},"modified":"2021-03-26T10:43:42","modified_gmt":"2021-03-26T09:43:42","slug":"kinderparlament","status":"publish","type":"page","link":"https:\/\/grundschuleimhofgarten.de\/?page_id=632","title":{"rendered":"Sch\u00fclermitbestimmung"},"content":{"rendered":"<h2 style=\"text-align: justify;\">Sch\u00fclerversammlung<\/h2>\n<p style=\"text-align: justify;\">Regelm\u00e4\u00dfig kommen die Klassensprecher und Klassensprecherinnen aller Klassen zur Sch\u00fclerversammlung (SV) zusammen.<\/p>\n<p style=\"text-align: justify;\"><a href=\"https:\/\/grundschuleimhofgarten.de\/wp-content\/uploads\/2019\/02\/IMG_8527.jpg\" data-rel=\"penci-gallery-image-content\" ><img loading=\"lazy\" decoding=\"async\" class=\"alignleft\" src=\"https:\/\/grundschuleimhofgarten.de\/wp-content\/uploads\/2019\/02\/IMG_8527-300x200.jpg\" alt=\"\" width=\"354\" height=\"236\" \/><\/a>Die Klassensprecher und Klassensprecherinnen haben in vielen Bereichen bisher viele Ideen entwickelt und gute L\u00f6sungen f\u00fcr anstehende Probleme erarbeitet. So gibt es beispielsweise in jeder Hofpause inzwischen eine gut eingespielte Ballausgabe, es wurde eine Begehung der Flure zur Pause durch dazu eingeteilte Sch\u00fclerinnen und Sch\u00fcler organisiert und die Nutzung des Sportplatzes durch verschiedene Ballspiele eingeteilt. Durch diese Initiativen \u00fcbernehmen die Sch\u00fclerinnen und Sch\u00fcler Verantwortung f\u00fcr das schulische Zusammenleben. Gleichzeitig lernen sie auch demokratische Prozesse (einen oftmals aufwendigen Weg) kennen und erleben sich als selbstwirksam.<\/p>\n<p style=\"text-align: justify;\">J\u00e4hrlich werden in einem festgelegten demokratischen Rahmen unsere Sch\u00fclersprecherinnen und Sch\u00fclersprecher gew\u00e4hlt. Dabei hat jedes Kind eine Stimme, nachdem sich die Kandidaten und Kandidatinnen sowohl \u00fcber Plakate als auch in einer gemeinsamen Sch\u00fclerversammlung in der Aula vorgestellt haben.<\/p>\n<p>&nbsp;<\/p>\n<h2 style=\"text-align: justify;\">Klassenrat<\/h2>\n<p style=\"text-align: justify;\">Der Klassenrat ist f\u00fcr die Sch\u00fclerinnen und Sch\u00fcler ein Gremium ihrer Klasse, in dem sie lernen, ihre Anliegen mutig zu \u00e4u\u00dfern, sich zuzuh\u00f6ren und in andere hineinzuversetzen, auch unterschiedliche Ansichten zu akzeptieren, Kompromisse einzugehen und bei Konflikten gemeinsam L\u00f6sungswege zu finden.<a href=\"https:\/\/grundschuleimhofgarten.de\/wp-content\/uploads\/2019\/02\/IMG_8510.jpg\" data-rel=\"penci-gallery-image-content\" ><img loading=\"lazy\" decoding=\"async\" class=\"alignright\" src=\"https:\/\/grundschuleimhofgarten.de\/wp-content\/uploads\/2019\/02\/IMG_8510-300x200.jpg\" alt=\"\" width=\"453\" height=\"302\" \/><\/a><\/p>\n<p style=\"text-align: justify;\">Der Klassenrat tagt in den meisten Klassen einmal w\u00f6chentlich. Hier werden sowohl aktuelle Probleme und Anliegen innerhalb der Klassengemeinschaft besprochen als auch freie Themen benannt, die die Sch\u00fclerinnen und Sch\u00fcler aktuell bewegen. Zum Beginn jeder Sitzung werden die Aufgaben verteilt wie Leitung des Klassenrats, Regelw\u00e4chter, Zeitw\u00e4chter und\u00a0 Protokollf\u00fchrung. Die P\u00e4dagogen und P\u00e4dagoginnen begleiten die Sch\u00fclerinnen und Sch\u00fcler und unterst\u00fctzen sie entsprechend ihrer altersbedingten F\u00e4higkeiten.<\/p>\n<p style=\"text-align: justify;\">Beschl\u00fcsse des Klassenrats werden im Protokoll vermerkt und in der n\u00e4chsten Sitzung wieder aufgegriffen und gegebenenfalls noch einmal zur Diskussion gestellt.<\/p>\n","protected":false},"excerpt":{"rendered":"<p>Sch\u00fclerversammlung Regelm\u00e4\u00dfig kommen die Klassensprecher und Klassensprecherinnen aller Klassen zur Sch\u00fclerversammlung (SV) zusammen. Die Klassensprecher und Klassensprecherinnen haben in vielen Bereichen bisher viele Ideen entwickelt und gute L\u00f6sungen f\u00fcr anstehende&hellip;<\/p>\n","protected":false},"author":10,"featured_media":0,"parent":0,"menu_order":0,"comment_status":"closed","ping_status":"closed","template":"","meta":{"_lmt_disableupdate":"","_lmt_disable":"","footnotes":""},"class_list":["post-632","page","type-page","status-publish","hentry"],"_links":{"self":[{"href":"https:\/\/grundschuleimhofgarten.de\/index.php?rest_route=\/wp\/v2\/pages\/632","targetHints":{"allow":["GET"]}}],"collection":[{"href":"https:\/\/grundschuleimhofgarten.de\/index.php?rest_route=\/wp\/v2\/pages"}],"about":[{"href":"https:\/\/grundschuleimhofgarten.de\/index.php?rest_route=\/wp\/v2\/types\/page"}],"author":[{"embeddable":true,"href":"https:\/\/grundschuleimhofgarten.de\/index.php?rest_route=\/wp\/v2\/users\/10"}],"replies":[{"embeddable":true,"href":"https:\/\/grundschuleimhofgarten.de\/index.php?rest_route=%2Fwp%2Fv2%2Fcomments&post=632"}],"version-history":[{"count":15,"href":"https:\/\/grundschuleimhofgarten.de\/index.php?rest_route=\/wp\/v2\/pages\/632\/revisions"}],"predecessor-version":[{"id":7600,"href":"https:\/\/grundschuleimhofgarten.de\/index.php?rest_route=\/wp\/v2\/pages\/632\/revisions\/7600"}],"wp:attachment":[{"href":"https:\/\/grundschuleimhofgarten.de\/index.php?rest_route=%2Fwp%2Fv2%2Fmedia&parent=632"}],"curies":[{"name":"wp","href":"https:\/\/api.w.org\/{rel}","templated":true}]}}