{"id":853,"date":"2019-02-18T14:01:36","date_gmt":"2019-02-18T13:01:36","guid":{"rendered":"http:\/\/grundschuleimhofgarten.de\/?page_id=853"},"modified":"2025-04-02T22:01:37","modified_gmt":"2025-04-02T20:01:37","slug":"mediation","status":"publish","type":"page","link":"https:\/\/grundschuleimhofgarten.de\/?page_id=853","title":{"rendered":"Mediation"},"content":{"rendered":"<h2><img loading=\"lazy\" decoding=\"async\" class=\"aligncenter size-full wp-image-7655\" src=\"https:\/\/grundschuleimhofgarten.de\/wp-content\/uploads\/2021\/05\/MicrosoftTeams-image.jpg\" alt=\"Wortwolke Mediation \" width=\"1024\" height=\"768\" \/><\/h2>\n<h2 style=\"text-align: justify;\">Umgang mit Konflikten<\/h2>\n<div>\n<p>Unser Schulleben ist durch Offenheit und Freundlichkeit gepr\u00e4gt. Lehrerinnen und Lehrer, Sch\u00fclerinnen und Sch\u00fcler sowie Eltern tragen jeden Tag dazu bei, ein gutes Miteinander zu erm\u00f6glichen, in dem sich alle zugeh\u00f6rig f\u00fchlen k\u00f6nnen. Zum Zusammenleben von Menschen geh\u00f6ren aber auch Konflikte, deren Bew\u00e4ltigung ein wichtiger Bestandteil in der Entwicklung der Kinder ist. Die bewusste Auseinandersetzung mit Konflikten sowie das Erlernen und Erleben konstruktiver Konfliktl\u00f6sungsstrategien pr\u00e4gen unser Schulleben. <span lang=\"TR\">Hierbei \u00fcben die Kinder ihrem Alter entsprechende sinnvolle und gewaltfreie L\u00f6sungsm\u00f6glichkeiten. Die k\u00f6rperliche wie seelische Unversehrtheit eines jeden Kindes steht dabei im Mittelpunkt. Wir wollen Konflikte zwischen den Sch\u00fclerinnen und Sch\u00fclern zeitnah und l\u00f6sungsorientiert gemeinsam bearbeiten.<\/span><\/p>\n<p><span lang=\"TR\">Da es gro\u00dfes Potential birgt, wenn Gleichaltrige untereinander ihre Konflikte l\u00f6sen, unterst\u00fctzen an unserer Schule Peer-Mediator*innen bei der konstruktiven Konfliktl\u00f6sung. Sie haben oft einen unmittelbareren Zugang zu den Problemen der in etwa gleichaltrigen Konfliktparteien und k\u00f6nnen die Normen und Moralvorstellungen dieser oft besser ber\u00fccksichtigen. Auch erweist sich das niedriegere Machtgef\u00e4lle unter Gleichatrigen \u2013 ganz im Gegensatz zu dem zwischen Lehrkr\u00e4ften sowie Sch\u00fclerinnen und Sch\u00fclern \u2013 als vorteilhaft. Zudem gehen die Sch\u00fclerinnen und Sch\u00fcler gest\u00e4rkt aus dem Prozess hervor, wenn sie sich aktiv an der L\u00f6sungsfindung beteiligen. So haben sie die Chance, die neu gewonnenen Erkenntniss in einen n\u00e4chsten Konflikt zu \u00fcbertragen. Deshalb legen gro\u00dfen Wert auf die Ausbildung von Peer-Mediator*innen.<\/span><\/p>\n<\/div>\n<p>&nbsp;<\/p>\n<h2 style=\"text-align: justify;\">Mediatorinnen und Mediatoren<\/h2>\n<div>\n<p>An unserer Schule ist die Ausbildung von Mediatorinnen und Mediatoren (Streitschlichter*innen) daher eine Selbstverst\u00e4ndlichkeit geworden. Interessierte Sch\u00fclerinnen und Sch\u00fcler der 5. Klassen werden in Kooperation mit der Jugendbildungsst\u00e4tte Kaubstra\u00dfe zu Mediatorinnen und Mediatoren (Streitschlichter*innen) ausgebildet. Sie setzen sich mit den Themen Konflikte und Streit sowie deren L\u00f6sungen auseinander, lernen spielerisch und mit Hilfe verschiedenster \u00dcbungen den wesentlichen Ablauf einer Mediation kennen und trainieren das selbst\u00e4ndige Durchf\u00fchren von Mediationen in Rollenspielen.<\/p>\n<p>In der 6. Klasse werden die ausgebildeten Kinder als Mediatorinnen und Mediatoren der Schule aktiv und haben einmal pro Woche Dienst. Sie vergeben selbst\u00e4ndig die Termine und informieren die Lehrer*innen. Au\u00dferdem sind die Mediatorinnen und Mediatoren in den Hofpausen auf dem Schulhof an ihren Warnwesten f\u00fcr alle zu erkennen. Sie bieten ihre Hilfe an, begleiten die Kinder zu den aufsichtsf\u00fchrenden Lehrkr\u00e4ften und unterst\u00fctzen diese bei der Aufkl\u00e4rung kleinerer Streitigkeiten. Dar\u00fcber hinaus gibt es jeden Tag f\u00fcr alle Kinder die M\u00f6glichkeit, sich bei schwierigen Konflikten mit dem Konfliktpartner zu einer Mediation anzumelden. Inzwischen bieten die Mediatorinnen und Mediatoren pandemiebedingt nun auch Online-Mediationen an. An drei intensiven Projekttagen haben sich die Sch\u00fclerinnen und Sch\u00fcler damit auseinandergesetzt, wie es m\u00f6glich ist, auch in dieser schwierigen Zeit f\u00fcr andere da zu sein und bei der Konfliktl\u00f6sung zu unterst\u00fctzen. W\u00f6chentlich treffen sich die Mediatorinnen und Mediatoren und besprechen schwierige Streitschlichtungen, diskutieren verschiedene L\u00f6sungsm\u00f6glichkeiten und organisieren ihre Arbeit.<\/p>\n<\/div>\n<hr \/>\n<blockquote class=\"wp-embedded-content\" data-secret=\"jtv9xhvKU6\"><p><a href=\"https:\/\/grundschuleimhofgarten.de\/?p=7649\">Mediationen jetzt auch online!<\/a><\/p><\/blockquote>\n<p><iframe loading=\"lazy\" class=\"wp-embedded-content\" sandbox=\"allow-scripts\" security=\"restricted\" style=\"position: absolute; visibility: hidden;\" title=\"&#8222;Mediationen jetzt auch online!&#8220; &#8212; Grundschule im Hofgarten\" src=\"https:\/\/grundschuleimhofgarten.de\/?p=7649&#038;embed=true#?secret=rnnVjOqfA5#?secret=jtv9xhvKU6\" data-secret=\"jtv9xhvKU6\" width=\"600\" height=\"338\" frameborder=\"0\" marginwidth=\"0\" marginheight=\"0\" scrolling=\"no\"><\/iframe><\/p>\n<div style=\"padding: 62.5% 0 0 0; position: relative;\"><iframe style=\"position: absolute; top: 0; left: 0; width: 100%; height: 100%;\" src=\"https:\/\/player.vimeo.com\/video\/431712492?byline=0&amp;portrait=0\" frameborder=\"0\" allowfullscreen=\"allowfullscreen\"><\/iframe><\/div>\n<p><script src=\"https:\/\/player.vimeo.com\/api\/player.js\"><\/script><\/p>\n<p><iframe loading=\"lazy\" title=\"YouTube video player\" src=\"https:\/\/www.youtube.com\/embed\/6GTH48DsaaQ\" width=\"560\" height=\"315\" frameborder=\"0\" allowfullscreen=\"allowfullscreen\"><\/iframe><\/p>\n","protected":false},"excerpt":{"rendered":"<p>Umgang mit Konflikten Unser Schulleben ist durch Offenheit und Freundlichkeit gepr\u00e4gt. Lehrerinnen und Lehrer, Sch\u00fclerinnen und Sch\u00fcler sowie Eltern tragen jeden Tag dazu bei, ein gutes Miteinander zu erm\u00f6glichen, in&hellip;<\/p>\n","protected":false},"author":10,"featured_media":0,"parent":0,"menu_order":0,"comment_status":"closed","ping_status":"closed","template":"","meta":{"_lmt_disableupdate":"no","_lmt_disable":"","footnotes":""},"class_list":["post-853","page","type-page","status-publish","hentry"],"_links":{"self":[{"href":"https:\/\/grundschuleimhofgarten.de\/index.php?rest_route=\/wp\/v2\/pages\/853","targetHints":{"allow":["GET"]}}],"collection":[{"href":"https:\/\/grundschuleimhofgarten.de\/index.php?rest_route=\/wp\/v2\/pages"}],"about":[{"href":"https:\/\/grundschuleimhofgarten.de\/index.php?rest_route=\/wp\/v2\/types\/page"}],"author":[{"embeddable":true,"href":"https:\/\/grundschuleimhofgarten.de\/index.php?rest_route=\/wp\/v2\/users\/10"}],"replies":[{"embeddable":true,"href":"https:\/\/grundschuleimhofgarten.de\/index.php?rest_route=%2Fwp%2Fv2%2Fcomments&post=853"}],"version-history":[{"count":16,"href":"https:\/\/grundschuleimhofgarten.de\/index.php?rest_route=\/wp\/v2\/pages\/853\/revisions"}],"predecessor-version":[{"id":10196,"href":"https:\/\/grundschuleimhofgarten.de\/index.php?rest_route=\/wp\/v2\/pages\/853\/revisions\/10196"}],"wp:attachment":[{"href":"https:\/\/grundschuleimhofgarten.de\/index.php?rest_route=%2Fwp%2Fv2%2Fmedia&parent=853"}],"curies":[{"name":"wp","href":"https:\/\/api.w.org\/{rel}","templated":true}]}}

<h2><img loading="lazy" decoding="async" class="aligncenter size-full wp-image-7655" src="https://grundschuleimhofgarten.de/wp-content/uploads/2021/05/MicrosoftTeams-image.jpg" alt="Wortwolke Mediation " width="1024" height="768" /></h2>
<h2 style="text-align: justify;">Umgang mit Konflikten</h2>
<div>
<p>Unser Schulleben ist durch Offenheit und Freundlichkeit geprägt. Lehrerinnen und Lehrer, Schülerinnen und Schüler sowie Eltern tragen jeden Tag dazu bei, ein gutes Miteinander zu ermöglichen, in dem sich alle zugehörig fühlen können. Zum Zusammenleben von Menschen gehören aber auch Konflikte, deren Bewältigung ein wichtiger Bestandteil in der Entwicklung der Kinder ist. Die bewusste Auseinandersetzung mit Konflikten sowie das Erlernen und Erleben konstruktiver Konfliktlösungsstrategien prägen unser Schulleben. <span lang="TR">Hierbei üben die Kinder ihrem Alter entsprechende sinnvolle und gewaltfreie Lösungsmöglichkeiten. Die körperliche wie seelische Unversehrtheit eines jeden Kindes steht dabei im Mittelpunkt. Wir wollen Konflikte zwischen den Schülerinnen und Schülern zeitnah und lösungsorientiert gemeinsam bearbeiten.</span></p>
<p><span lang="TR">Da es großes Potential birgt, wenn Gleichaltrige untereinander ihre Konflikte lösen, unterstützen an unserer Schule Peer-Mediator*innen bei der konstruktiven Konfliktlösung. Sie haben oft einen unmittelbareren Zugang zu den Problemen der in etwa gleichaltrigen Konfliktparteien und können die Normen und Moralvorstellungen dieser oft besser berücksichtigen. Auch erweist sich das niedriegere Machtgefälle unter Gleichatrigen – ganz im Gegensatz zu dem zwischen Lehrkräften sowie Schülerinnen und Schülern – als vorteilhaft. Zudem gehen die Schülerinnen und Schüler gestärkt aus dem Prozess hervor, wenn sie sich aktiv an der Lösungsfindung beteiligen. So haben sie die Chance, die neu gewonnenen Erkenntniss in einen nächsten Konflikt zu übertragen. Deshalb legen großen Wert auf die Ausbildung von Peer-Mediator*innen.</span></p>
</div>
<p>&nbsp;</p>
<h2 style="text-align: justify;">Mediatorinnen und Mediatoren</h2>
<div>
<p>An unserer Schule ist die Ausbildung von Mediatorinnen und Mediatoren (Streitschlichter*innen) daher eine Selbstverständlichkeit geworden. Interessierte Schülerinnen und Schüler der 5. Klassen werden in Kooperation mit der Jugendbildungsstätte Kaubstraße zu Mediatorinnen und Mediatoren (Streitschlichter*innen) ausgebildet. Sie setzen sich mit den Themen Konflikte und Streit sowie deren Lösungen auseinander, lernen spielerisch und mit Hilfe verschiedenster Übungen den wesentlichen Ablauf einer Mediation kennen und trainieren das selbständige Durchführen von Mediationen in Rollenspielen.</p>
<p>In der 6. Klasse werden die ausgebildeten Kinder als Mediatorinnen und Mediatoren der Schule aktiv und haben einmal pro Woche Dienst. Sie vergeben selbständig die Termine und informieren die Lehrer*innen. Außerdem sind die Mediatorinnen und Mediatoren in den Hofpausen auf dem Schulhof an ihren Warnwesten für alle zu erkennen. Sie bieten ihre Hilfe an, begleiten die Kinder zu den aufsichtsführenden Lehrkräften und unterstützen diese bei der Aufklärung kleinerer Streitigkeiten. Darüber hinaus gibt es jeden Tag für alle Kinder die Möglichkeit, sich bei schwierigen Konflikten mit dem Konfliktpartner zu einer Mediation anzumelden. Inzwischen bieten die Mediatorinnen und Mediatoren pandemiebedingt nun auch Online-Mediationen an. An drei intensiven Projekttagen haben sich die Schülerinnen und Schüler damit auseinandergesetzt, wie es möglich ist, auch in dieser schwierigen Zeit für andere da zu sein und bei der Konfliktlösung zu unterstützen. Wöchentlich treffen sich die Mediatorinnen und Mediatoren und besprechen schwierige Streitschlichtungen, diskutieren verschiedene Lösungsmöglichkeiten und organisieren ihre Arbeit.</p>
</div>
<hr />
<blockquote class="wp-embedded-content" data-secret="jtv9xhvKU6"><p><a href="https://grundschuleimhofgarten.de/?p=7649">Mediationen jetzt auch online!</a></p></blockquote>
<p><iframe loading="lazy" class="wp-embedded-content" sandbox="allow-scripts" security="restricted" style="position: absolute; visibility: hidden;" title="&#8222;Mediationen jetzt auch online!&#8220; &#8212; Grundschule im Hofgarten" src="https://grundschuleimhofgarten.de/?p=7649&#038;embed=true#?secret=rnnVjOqfA5#?secret=jtv9xhvKU6" data-secret="jtv9xhvKU6" width="600" height="338" frameborder="0" marginwidth="0" marginheight="0" scrolling="no"></iframe></p>
<div style="padding: 62.5% 0 0 0; position: relative;"><iframe style="position: absolute; top: 0; left: 0; width: 100%; height: 100%;" src="https://player.vimeo.com/video/431712492?byline=0&amp;portrait=0" frameborder="0" allowfullscreen="allowfullscreen"></iframe></div>
<p><script src="https://player.vimeo.com/api/player.js"></script></p>
<p><iframe loading="lazy" title="YouTube video player" src="https://www.youtube.com/embed/6GTH48DsaaQ" width="560" height="315" frameborder="0" allowfullscreen="allowfullscreen"></iframe></p>

<p>Umgang mit Konflikten Unser Schulleben ist durch Offenheit und Freundlichkeit geprägt. Lehrerinnen und Lehrer, Schülerinnen und Schüler sowie Eltern tragen jeden Tag dazu bei, ein gutes Miteinander zu ermöglichen, in&hellip;</p>
