{"id":862,"date":"2019-02-18T14:04:35","date_gmt":"2019-02-18T13:04:35","guid":{"rendered":"http:\/\/grundschuleimhofgarten.de\/?page_id=862"},"modified":"2022-08-22T20:51:47","modified_gmt":"2022-08-22T18:51:47","slug":"wahlpflichtunterricht","status":"publish","type":"page","link":"https:\/\/grundschuleimhofgarten.de\/?page_id=862","title":{"rendered":"Profilkurse"},"content":{"rendered":"<p style=\"text-align: justify;\">Die Sch\u00fcler\/-innen der Klassen 5 und 6 w\u00e4hlen zum Beginn eines Schuljahres aus einem breiten Angebot an Wahlpflichtkursen einen Kurs nach ihren Interessen aus.<\/p>\n<p style=\"text-align: justify;\">Diese <a href=\"https:\/\/grundschuleimhofgarten.de\/wp-content\/uploads\/2022\/08\/03g45_profilkurse-flyer.pdf\">Angebote (PDF)<\/a> stehen f\u00fcr die Sch\u00fclerinnen und Sch\u00fcler im Schuljahr 2022\/2023 zur Auswahl.<\/p>\n","protected":false},"excerpt":{"rendered":"<p>Die Sch\u00fcler\/-innen der Klassen 5 und 6 w\u00e4hlen zum Beginn eines Schuljahres aus einem breiten Angebot an Wahlpflichtkursen einen Kurs nach ihren Interessen aus. Diese Angebote (PDF) stehen f\u00fcr die&hellip;<\/p>\n","protected":false},"author":10,"featured_media":0,"parent":0,"menu_order":0,"comment_status":"closed","ping_status":"closed","template":"","meta":{"_lmt_disableupdate":"","_lmt_disable":"","footnotes":""},"class_list":["post-862","page","type-page","status-publish","hentry"],"_links":{"self":[{"href":"https:\/\/grundschuleimhofgarten.de\/index.php?rest_route=\/wp\/v2\/pages\/862","targetHints":{"allow":["GET"]}}],"collection":[{"href":"https:\/\/grundschuleimhofgarten.de\/index.php?rest_route=\/wp\/v2\/pages"}],"about":[{"href":"https:\/\/grundschuleimhofgarten.de\/index.php?rest_route=\/wp\/v2\/types\/page"}],"author":[{"embeddable":true,"href":"https:\/\/grundschuleimhofgarten.de\/index.php?rest_route=\/wp\/v2\/users\/10"}],"replies":[{"embeddable":true,"href":"https:\/\/grundschuleimhofgarten.de\/index.php?rest_route=%2Fwp%2Fv2%2Fcomments&post=862"}],"version-history":[{"count":21,"href":"https:\/\/grundschuleimhofgarten.de\/index.php?rest_route=\/wp\/v2\/pages\/862\/revisions"}],"predecessor-version":[{"id":9002,"href":"https:\/\/grundschuleimhofgarten.de\/index.php?rest_route=\/wp\/v2\/pages\/862\/revisions\/9002"}],"wp:attachment":[{"href":"https:\/\/grundschuleimhofgarten.de\/index.php?rest_route=%2Fwp%2Fv2%2Fmedia&parent=862"}],"curies":[{"name":"wp","href":"https:\/\/api.w.org\/{rel}","templated":true}]}}

<p style="text-align: justify;">Die Schüler/-innen der Klassen 5 und 6 wählen zum Beginn eines Schuljahres aus einem breiten Angebot an Wahlpflichtkursen einen Kurs nach ihren Interessen aus.</p>
<p style="text-align: justify;">Diese <a href="https://grundschuleimhofgarten.de/wp-content/uploads/2022/08/03g45_profilkurse-flyer.pdf">Angebote (PDF)</a> stehen für die Schülerinnen und Schüler im Schuljahr 2022/2023 zur Auswahl.</p>

<p>Die Schüler/-innen der Klassen 5 und 6 wählen zum Beginn eines Schuljahres aus einem breiten Angebot an Wahlpflichtkursen einen Kurs nach ihren Interessen aus. Diese Angebote (PDF) stehen für die&hellip;</p>
